, 3
Let m be (-2)/(-2 + (-15)/(-6)). List the prime factors of (m + 2)*-1 + 6.
2
Suppose 5 = 5*b + h + 2, 7 = 5*b - h. Let c = b + -1. Suppose -3*j + 5*n + 31 = c, 5*n + 69 = 5*j + n. List the prime factors of j.
17
Suppose 2 = -0*w + 2*w. Let c = 2 - w. What are the prime factors of 0 - -1*6*c?
2, 3
Let c(n) = -n + 12. Let w be c(10). Suppose -4*t + 0 = -2*i + 12, -w*t - 12 = 2*i. List the prime factors of (-17)/t + (-2)/8.
2
Suppose 0 = -3*h - h - 20, 5*h = -4*o + 159. List the prime factors of o.
2, 23
Suppose 5*f = -5*x + 5, -4*f + 0*f + 6 = 3*x. Suppose 0 = 2*u + 2*i - 28, f*u - 2*i - 3*i = 34. List the prime factors of u.
13
Let o(w) = w**3 - 6*w**2 + 2. Let q be o(6). Suppose q*m - 37 = 19. What are the prime factors of m?
2, 7
Suppose -5*k + 757 = 4*h, 8*k - 2*h = 3*k + 769. List the prime factors of k.
3, 17
Let b(c) = c. Let g(d) = -8*d - 4. Let f(a) = 5*b(a) + g(a). Let w be f(3). Let r = w - -19. What are the prime factors of r?
2, 3
Let d(b) = -9*b**2 - b + 0*b**3 - 1 - b**3 - b**2. Let h = -21 + 11. List the prime factors of d(h).
3
Let n be (1*-9 + 3)/1. List the prime factors of 39*(1 + 2/n).
2, 13
Suppose 0 = 2*r + 2*r - 760. Suppose -r = -4*d + 2. Suppose 0 = -4*b + 5*s + d, 36 = 3*b - 0*s - 3*s. List the prime factors of b.
2, 3
Suppose -3*x + 185 = -5*k - 215, 0 = 2*x + 10. Let y = 124 + k. List the prime factors of y.
41
Suppose -4 = -5*a - 34. Let p(u) = -4*u**3 + 10 - 3 - 7*u**2 - 4*u - 2*u + 3*u**3. What are the prime factors of p(a)?
7
Let c = -19 - -22. List the prime factors of c.
3
Suppose 5*z - 3*g - 4 = 0, -4*z + z + 2 = -2*g. Suppose -z*l + l = -14. Suppose -f = 5 - l. What are the prime factors of f?
3
Let t = -103 + 199. What are the prime factors of t?
2, 3
Let p(t) = 6*t + 4. Let l be p(-3). Let i = -8 - l. What are the prime factors of i/24 + (-31)/(-4)?
2
Let g(l) = l**3 - l**2 - l + 2. Let k be g(0). Suppose -3*n = k*p + 28, -4*n + 16 = -5*n - 2*p. Let a(d) = 2*d**2 + 8*d - 6. What are the prime factors of a(n)?
2, 3
What are the prime factors of (-8 + 4 - 29)*-1?
3, 11
Suppose 0 = -2*f + 2. List the prime factors of -1 - -2 - -15 - f.
3, 5
Suppose 2*i - 74 = -4*s, -5*i - 52 = -2*s - i. What are the prime factors of s?
2, 5
Let k = 6 - 1. Let z = k - 1. What are the prime factors of 2/(-8) + 25/z?
2, 3
Let c = 7 + -8. Let q = c - -8. List the prime factors of q.
7
Suppose -5*w + 325 = -0*u + 5*u, u - w = 65. What are the prime factors of u?
5, 13
Suppose 4*h + 37 = -4*i + 137, i + 5 = 5*h. Suppose g + 19 = 5*g + 3*f, 4*g + 4*f = i. Suppose 30 = g*a - a. List the prime factors of a.
2, 5
Let v = 70 - 53. What are the prime factors of v?
17
Suppose 7*f - 3*f + 40 = 0. Let y = f - -31. What are the prime factors of y?
3, 7
Suppose -3*q - 3*z = -165, -2*z - 4 = 6. Suppose 0*n = -4*n + q. What are the prime factors of n?
3, 5
Let o(m) = -3*m + 2*m**3 - 3*m**2 + 3*m. Suppose 1 + 5 = 2*g - y, 2*y = -2*g. List the prime factors of o(g).
2
Let h(n) = -36*n**3 - 2*n**2 - 7*n - 1. List the prime factors of h(-2).
293
Suppose 5*u + 211 - 791 = 0. List the prime factors of u.
2, 29
List the prime factors of (-26)/65 - 752/(-5).
2, 3, 5
List the prime factors of (1/2)/((-2)/(-12)).
3
What are the prime factors of (-394)/(-6) + (-40)/24?
2
Suppose -i + 4*j = 2*j - 26, -4*i + 4*j = -88. Let q(x) = x**3 - 17*x**2 - 18*x + 3. What are the prime factors of q(i)?
3
Let n(o) = o - 5. Suppose 20 = c + 4*c, -2 = 2*i - 2*c. Let t be n(i). List the prime factors of ((-4)/6)/(t/33).
11
Suppose -i + 76 = i - 3*c, 4*i - 144 = 2*c. Suppose 4*g = h + i, 5*g - 36 = 4*h + 5. What are the prime factors of g?
3
Suppose 0 = z + 2*z + 9. List the prime factors of (-6)/(-2) + (15 - z).
3, 7
Let z(r) = 14*r - 9. What are the prime factors of z(7)?
89
Let r(d) = d**3 - 6*d**2 - 6*d - 5. Let i be r(7). Suppose -4*w - i*o = -w - 13, 12 = 3*w + 3*o. List the prime factors of w.
5
Suppose -4 = 3*x + 4*v + 4, 4*x + 9 = -5*v. Suppose -x*y + 8 = 0, -y + 10 = 5*w - 7. What are the prime factors of w?
3
Suppose -1 = -2*p + 3*u + 38, 0 = -2*p + 4*u + 36. Let y be (-6)/p - 138/(-8). Suppose 47 = 4*i - y. What are the prime factors of i?
2
Suppose -108 + 798 = 10*n. What are the prime factors of n?
3, 23
Let l = 7 + 9. What are the prime factors of l?
2
Let k = -20 + 5. Let b be -1 - (2 - 4) - k. Suppose 0 = f + f - b. List the prime factors of f.
2
Suppose 0*r + t = r - 2, -2*r - 5*t = -25. Let c = 15 - r. Suppose -5*a - c = -2*v, -5*v + 2*a + 16 + 9 = 0. List the prime factors of v.
5
Suppose 6*j - 56 = 28. What are the prime factors of j?
2, 7
Let a = 156 - 83. What are the prime factors of a?
73
Suppose -4*w + 10 = -6*w. Let y be 3/w + (-56)/(-10). Let l = 16 - y. List the prime factors of l.
11
Let f = 1131 + -1595. List the prime factors of 1/(4/f*-4).
29
Let t(r) = -2*r**3 - r**2 - r + 1. Suppose -3*h + 3*z = 18, -4*z + 16 = -0. What are the prime factors of t(h)?
3, 5
Let j(v) = 2*v**2 - 3*v + 1. Let p be j(2). Suppose 5*k - 19 = -p*y, -5*y - 35 = -3*k - 2*k. Suppose k*m - 59 = -4. List the prime factors of m.
11
Suppose 48 + 176 = 4*h. Suppose h = p + 3*p. What are the prime factors of p?
2, 7
Let t(l) = -3*l + 1. What are the prime factors of t(-6)?
19
Let i(y) = 6 + 2 - 2 + 1 - y**2. What are the prime factors of i(0)?
7
Let n(p) = p**3 + 9*p**2 + p + 4. Let t be n(-9). List the prime factors of 1 - 2 - (t - 20).
2, 3
Suppose -u + h - 6 + 20 = 0, 23 = 2*u - h. List the prime factors of u.
3
Let d = 201 - 129. What are the prime factors of d?
2, 3
Let y = 3 + 2. List the prime factors of y.
5
Let u be (1 - 1)/(8/4). Suppose u = g - 35 + 9. What are the prime factors of g?
2, 13
Let f = -6 + 10. Let r(s) = 4*s + 3. What are the prime factors of r(f)?
19
Suppose j + 7 = 18. Suppose 5*d + 14 = -j. Let t = d - -14. List the prime factors of t.
3
Let q be (5 + -7)*6/2. Let v = q + 10. Suppose v*s + 0*s - 32 = 0. What are the prime factors of s?
2
Let n be (-13 - 1)/((-2)/3). Suppose 3*a + 57 = n. Let y = a - -22. What are the prime factors of y?
2, 5
Suppose 2*r + r - 21 = 0. List the prime factors of r.
7
Let p(y) = -y**2 - 5*y - 3. Let d be p(-5). Let c(h) = h**2 - 2*h + 4. List the prime factors of c(d).
19
Let g(t) = 221*t**3 - t**2 - 4*t + 5. List the prime factors of g(1).
13, 17
Let v(k) = 2*k + 3*k**2 + 6 - 2 - 2*k**2 + 4*k. Let d(i) = -i**3 - 4*i**2 + 3. Let b be d(-3). What are the prime factors of v(b)?
2
List the prime factors of 5/((-10)/(-118)) + 2*-2.
5, 11
Let m(z) = 6*z + 1. Let v be m(1). Let r = v - -3. List the prime factors of r.
2, 5
What are the prime factors of 277 - (-1)/5*0?
277
Suppose 2*x = -x + 12. What are the prime factors of x?
2
Suppose 0 = -2*x - d + 176 - 50, -5*x = -3*d - 315. What are the prime factors of x?
3, 7
Let y = -17 + 10. List the prime factors of (-117)/y + (-8)/(-28).
17
Let g = -66 + 127. List the prime factors of g.
61
Suppose 42 = f + 2*f. Let o = 24 - f. List the prime factors of o.
2, 5
Let x = 885 + -561. What are the prime factors of x?
2, 3
Let f(k) = k**2 - 12*k + 13. Let l(i) = -i**2 + 11 - 4*i - 2*i - 5*i + 2*i. Let a be l(-9). What are the prime factors of f(a)?
2
Suppose 5*i - 23 = -3*q, 2*i = 3*q - 3*i - 13. Let c = q + 11. What are the prime factors of c?
17
Suppose f - 144 = -2*f. What are the prime factors of f?
2, 3
Let p be 0*(-1)/(-2) + 6. What are the prime factors of (8/12)/(2/p)?
2
Let m be (2 + 0)*3/2. Suppose 4 = -m*y + 4*y. Suppose o - a + 5 = -5*a, -y*a = -2*o + 26. What are the prime factors of o?
7
Let m = 30 - 18. What are the prime factors of m?
2, 3
Let r = 2 + -1. Suppose -2*z = 5*h + 13, -3*h + 5 + 10 = 5*z. What are the prime factors of 7 + r/(3/z)?
3
Suppose -833 = -12*u + 679. List the prime factors of u.
2, 3, 7
Suppose 3 = -y + 5. Let f = 12 - 8. Suppose 24 = f*z - y*z. What are the prime factors of z?
2, 3
Let s = -127 + 196. Suppose 189 = 5*f + s. List the prime factors of f.
2, 3
Let k(c) = -c**3 + 4*c + 3. Let j be k(-2). Suppose -q + 3 = t - j, q - 3*t = 2. List the prime factors of q.
5
Let z(h) = h**3 - 5*h**2 + 3*h - 4. What are the prime factors of z(6)?
2, 5
Suppose -31 = 2*o - 161. What are the prime factors of o?
5, 13
Let s = 3 + -3. Let c(t) = 3 + 1 - 3*t + 2*t + t**2. What are the prime factors of c(s)?
2
What are the prime factors of (-3 + 1)*(9